{"id":47,"date":"2019-07-23T11:23:08","date_gmt":"2019-07-23T08:23:08","guid":{"rendered":"http:\/\/ipekkirpik.org\/?page_id=47"},"modified":"2022-04-20T09:48:47","modified_gmt":"2022-04-20T06:48:47","slug":"ipek-kirpik-seti","status":"publish","type":"page","link":"http:\/\/ipekkirpik.org\/index.php\/ipek-kirpik-seti\/","title":{"rendered":"\u0130pek Kirpik Seti"},"content":{"rendered":"\n<h4 class=\"wp-block-heading\">Fairlash \u00ae Profesyonel Delux \u0130pek Kirpik Set Fiyat\u0131 (+90 532 442 72 24)<\/h4>\n\n\n\n<div class=\"wp-block-image is-style-default\"><figure class=\"aligncenter size-full\"><img loading=\"lazy\" decoding=\"async\" width=\"1024\" height=\"768\" src=\"http:\/\/ipekkirpik.org\/wp-content\/uploads\/2022\/04\/ipek-kirpik-seti.jpg\" alt=\"ipek kirpik seti\" class=\"wp-image-246\" srcset=\"http:\/\/ipekkirpik.org\/wp-content\/uploads\/2022\/04\/ipek-kirpik-seti.jpg 1024w, http:\/\/ipekkirpik.org\/wp-content\/uploads\/2022\/04\/ipek-kirpik-seti-300x225.jpg 300w, http:\/\/ipekkirpik.org\/wp-content\/uploads\/2022\/04\/ipek-kirpik-seti-768x576.jpg 768w\" sizes=\"auto, (max-width: 1024px) 100vw, 1024px\" \/><figcaption>ipek kirpik seti<\/figcaption><\/figure><\/div>\n\n\n\n<p>15&nbsp; Kutu Fairlash\u00ae Kutu \u0130pek Kirpik<\/p>\n\n\n\n<ul class=\"wp-block-list\"><li>3 Kutu 3D \u0130pek Kirpik<\/li><li>  3 Kutu 6D \u0130pek Kirpik <\/li><li>  6 Kutu Tekli \u0130pek Kirpik <\/li><li>  1 Kutu Ta\u015fl\u0131 \u0130pek Kirpik <\/li><li>1 Kutu Renkli \u0130pek Kirpik<\/li><li>1 Kutu Simli \u0130pek Kirpik<\/li><li>1 S\u0131n\u0131f y\u00fcksek kaliteli, kokusuz Fairlash\u00ae Ultra Plus Kirpik Yap\u0131\u015ft\u0131r\u0131c\u0131<\/li><li>1 S\u0131n\u0131f y\u00fcksek kaliteli, kokusuz Fairlash\u00ae Ultra Plus \u00c7\u0131kar\u0131c\u0131<\/li><li>2 Adet \u00c7al\u0131\u015fma C\u0131mb\u0131z\u0131<\/li><li>1 adet Yap\u0131\u015ft\u0131r\u0131c\u0131 Bant<\/li><li>1 Adet C \u015eeklinde \u00d6zel g\u00f6z Alt\u0131 Yap\u0131\u015ft\u0131r\u0131c\u0131s\u0131<\/li><li>1 Kirpik Tarak \/ F\u0131r\u00e7a<\/li><li>5 Adet Yap\u0131\u015ft\u0131r\u0131c\u0131 Y\u00fcz\u00fc\u011f\u00fc<\/li><li>1 Adet Boyun Yast\u0131\u011f\u0131<\/li><li>\u00d6zel Profesyonel \u00c7antas\u0131yla<\/li><\/ul>\n\n\n\n<p class=\"has-text-align-right\"> Fairlash\u00ae Profesyonel \u0130pek Kirpik Set Fiyat\u0131 (444 3 671)<\/p>\n\n\n\n<h4 class=\"wp-block-heading\"> Fairlash\u00ae Tekli \u0130pek Kirpik Seti<\/h4>\n\n\n\n<ul class=\"wp-block-list\"><li>&nbsp;&nbsp;&nbsp;1 Kutu Fairlash\u00ae \u0130pek Kirpik<\/li><li>&nbsp;&nbsp; 1 Kutu Fairlash\u00ae \u0130pek Kirpik<\/li><li>&nbsp;&nbsp; 1 Kutu Fairlash\u00ae \u0130pek Kirpik<\/li><li>&nbsp;&nbsp; 1 Kutu Fairlash\u00ae \u0130pek Kirpik<\/li><li>&nbsp;&nbsp; 1 Kutu Fairlash\u00ae \u0130pek Kirpik<\/li><li>&nbsp;&nbsp; 1 adet Ultra Plus Boanding Yap\u0131\u015ft\u0131r\u0131c\u0131<\/li><li>&nbsp;&nbsp; 1 adet Ultra Plus \u00c7\u0131kar\u0131c\u0131<\/li><li>&nbsp;&nbsp; 1 paslanmaz \u00e7elik ekstra ince Nokta C\u0131mb\u0131z<\/li><li>&nbsp;&nbsp; 1 paslanmaz \u00e7elik E\u011fimli C\u0131mb\u0131z<\/li><li>&nbsp;&nbsp; 1 paket G\u00f6z alt\u0131 Band\u0131<\/li><li>&nbsp;&nbsp; 1 adet Kirpik tarama Tara\u011f\u0131<\/li><li>&nbsp; 1 adet Kirpik Pompas\u0131<\/li><li>&nbsp; 1 adet D\u00f6kme Ta\u015f\u0131<\/li><li>&nbsp; 1 adet A\u011f\u0131zl\u0131k<\/li><li>&nbsp;&nbsp; \u00d6zel Kirpik \u00c7antas\u0131yla<\/li><\/ul>\n\n\n\n<p class=\"has-text-align-right\">Fairlash\u00ae Standart \u0130pek Kirpik Set Fiyat\u0131 (444 3 671)<\/p>\n\n\n\n<h4 class=\"wp-block-heading\">Fairlash\u00ae Tekli \u0130pek Kirpik Seti<\/h4>\n\n\n\n<ul class=\"wp-block-list\"><li>&nbsp;&nbsp; &nbsp;1 Kutu Fairlash\u00ae Tekli \u0130pek Kirpik<\/li><li>&nbsp;&nbsp;&nbsp; 1 Kutu Fairlash\u00ae Tekli \u0130pek Kirpik<\/li><li>&nbsp;&nbsp; &nbsp;1 Kutu Fairlash\u00ae Tekli \u0130pek Kirpik<\/li><li>&nbsp;&nbsp; &nbsp;1 adet Ultra Plus Yap\u0131\u015ft\u0131r\u0131c\u0131<\/li><li>&nbsp;&nbsp; &nbsp;1 adet Ultra Plus \u00c7\u0131kar\u0131c\u0131<\/li><li>&nbsp;&nbsp; &nbsp;1 paslanmaz \u00c7elik ekstra ince Nokta C\u0131mb\u0131z<\/li><li>&nbsp;&nbsp; &nbsp;1 paslanmaz \u00c7elik E\u011fimli C\u0131mb\u0131z<\/li><li>&nbsp;&nbsp; &nbsp;1 paket G\u00f6z alt\u0131 Band\u0131<\/li><li>&nbsp;&nbsp;&nbsp; 1 Adet C \u015eeklinde \u00d6zel g\u00f6z Alt\u0131 Band\u0131<\/li><li>&nbsp;&nbsp;&nbsp; 5 Adet Yap\u0131\u015ft\u0131r\u0131c\u0131 Y\u00fcz\u00fc\u011f\u00fc<\/li><li>&nbsp;&nbsp;&nbsp; 1 Adet Boyun Yast\u0131\u011f\u0131<\/li><li>&nbsp;&nbsp; &nbsp;K\u00fc\u00e7\u00fck Kirpik \u00c7antas\u0131yla<\/li><\/ul>\n\n\n\n<p class=\"has-text-align-right\">Fairlash\u00ae K\u00fc\u00e7\u00fck \u0130pek Kirpik Set Fiyat\u0131 (444 3 671)<\/p>\n\n\n\n<h4 class=\"wp-block-heading\">D\u00f6kme \u0130pek Kirpik Seti Ba\u015flang\u0131\u00e7<\/h4>\n\n\n\n<ul class=\"wp-block-list\"><li>&nbsp;&nbsp; &nbsp;&nbsp;&nbsp;&nbsp; 1 Kutu Fairlash\u00ae D\u00f6kme \u0130pek Kirpik<\/li><li>&nbsp;&nbsp; &nbsp;&nbsp;&nbsp;&nbsp; 1 Kutu Fairlash\u00ae D\u00f6kme \u0130pek Kirpik<\/li><li>&nbsp;&nbsp;&nbsp;&nbsp;&nbsp; &nbsp; 1 Kutu Fairlash\u00ae D\u00f6kme \u0130pek Kirpik<\/li><li>&nbsp;&nbsp;&nbsp;&nbsp;&nbsp;&nbsp;&nbsp; 1 Kutu Fairlash\u00ae Tekli \u0130pek Kirpik<\/li><li>&nbsp;&nbsp; &nbsp;&nbsp;&nbsp;&nbsp; 1 adet Ultra Plus Yap\u0131\u015ft\u0131r\u0131c\u0131<\/li><li>&nbsp;&nbsp; &nbsp;&nbsp;&nbsp;&nbsp; 1 adet Ultra Plus \u00c7\u0131kar\u0131c\u0131<\/li><li>&nbsp;&nbsp; &nbsp;&nbsp;&nbsp;&nbsp; 1 paslanmaz \u00c7elik ekstra ince Nokta C\u0131mb\u0131z<\/li><li>&nbsp;&nbsp; &nbsp;&nbsp;&nbsp;&nbsp; 1 paslanmaz \u00c7elik E\u011fimli C\u0131mb\u0131z<\/li><li>&nbsp;&nbsp; &nbsp;&nbsp;&nbsp;&nbsp; 1 paket G\u00f6z alt\u0131 Band\u0131<\/li><li>&nbsp; &nbsp; &nbsp; &nbsp; 1 Adet C \u015eeklinde \u00d6zel g\u00f6z Alt\u0131 Band\u0131<\/li><li>&nbsp;&nbsp; &nbsp;&nbsp;&nbsp;&nbsp; 5 adet Yap\u0131\u015ft\u0131r\u0131c\u0131 Y\u00fcz\u00fc\u011f\u00fc<\/li><li>&nbsp;&nbsp; &nbsp;&nbsp;&nbsp;&nbsp; K\u00fc\u00e7\u00fck Kirpik \u00c7antas\u0131yla<\/li><\/ul>\n\n\n\n<p class=\"has-text-align-right\">Fairlash\u00ae K\u00fc\u00e7\u00fck \u0130pek Kirpik Set Fiyat\u0131 (444 3 671)<\/p>\n\n\n\n<h4 class=\"wp-block-heading\">S\u0130PAR\u0130\u015e \u0130\u00c7\u0130N : 444 3 671 \/ 0532 301 8690<\/h4>\n","protected":false},"excerpt":{"rendered":"<p>Fairlash \u00ae Profesyonel Delux \u0130pek Kirpik Set Fiyat\u0131 (+90 532 442 72 24) 15&nbsp; Kutu Fairlash\u00ae Kutu \u0130pek Kirpik 3 Kutu 3D \u0130pek Kirpik 3 Kutu 6D \u0130pek Kirpik 6 Kutu Tekli \u0130pek Kirpik 1 Kutu Ta\u015fl\u0131 \u0130pek Kirpik 1 Kutu Renkli \u0130pek Kirpik 1 Kutu Simli<\/p>\n","protected":false},"author":1,"featured_media":0,"parent":0,"menu_order":0,"comment_status":"closed","ping_status":"closed","template":"","meta":{"footnotes":""},"tags":[],"class_list":["post-47","page","type-page","status-publish","hentry"],"aioseo_notices":[],"_links":{"self":[{"href":"http:\/\/ipekkirpik.org\/index.php\/wp-json\/wp\/v2\/pages\/47","targetHints":{"allow":["GET"]}}],"collection":[{"href":"http:\/\/ipekkirpik.org\/index.php\/wp-json\/wp\/v2\/pages"}],"about":[{"href":"http:\/\/ipekkirpik.org\/index.php\/wp-json\/wp\/v2\/types\/page"}],"author":[{"embeddable":true,"href":"http:\/\/ipekkirpik.org\/index.php\/wp-json\/wp\/v2\/users\/1"}],"replies":[{"embeddable":true,"href":"http:\/\/ipekkirpik.org\/index.php\/wp-json\/wp\/v2\/comments?post=47"}],"version-history":[{"count":3,"href":"http:\/\/ipekkirpik.org\/index.php\/wp-json\/wp\/v2\/pages\/47\/revisions"}],"predecessor-version":[{"id":248,"href":"http:\/\/ipekkirpik.org\/index.php\/wp-json\/wp\/v2\/pages\/47\/revisions\/248"}],"wp:attachment":[{"href":"http:\/\/ipekkirpik.org\/index.php\/wp-json\/wp\/v2\/media?parent=47"}],"wp:term":[{"taxonomy":"post_tag","embeddable":true,"href":"http:\/\/ipekkirpik.org\/index.php\/wp-json\/wp\/v2\/tags?post=47"}],"curies":[{"name":"wp","href":"https:\/\/api.w.org\/{rel}","templated":true}]}}