{"id":33,"date":"2019-07-23T11:10:37","date_gmt":"2019-07-23T08:10:37","guid":{"rendered":"http:\/\/ipekkirpik.org\/?page_id=33"},"modified":"2024-11-14T19:28:15","modified_gmt":"2024-11-14T16:28:15","slug":"ipek-kirpik-egitimi-aydin","status":"publish","type":"page","link":"http:\/\/ipekkirpik.org\/index.php\/ipek-kirpik-egitimi-aydin\/","title":{"rendered":"\u0130pek Kirpik E\u011fitimi Ayd\u0131n"},"content":{"rendered":"\n<h2 class=\"wp-block-heading\">\u0130pek Kirpik E\u011fitimi Ayd\u0131n<\/h2>\n\n\n\n<p>Ayd\u0131n\n Ku\u015fadas\u0131 ndan bizi takip eden ve ipek kirpik uygulamas\u0131 yapmak isteyen \narkada\u015flar\u0131m\u0131z \u00f6ncelikle telefon ile bizden bilgi ald\u0131lar ve ipek kirpik\n uygulamas\u0131 yapmak istediklerini bize belirttiler.<\/p>\n\n\n\n<p>Yaln\u0131z baz\u0131 sorular\u0131 vard\u0131<\/p>\n\n\n\n<ul class=\"wp-block-list\"><li>\u0130pek kirpik zarar verir mi<\/li><li>M\u00fc\u015fterilerimizle problem ya\u015far m\u0131y\u0131z<\/li><li>Bir sorun \u00e7\u0131kar m\u0131<\/li><li>Malzemeler kaliteli mi<\/li><li>Biz yapabilir miyiz ?<\/li><\/ul>\n\n\n\n<p>\u00d6ncelikle olarak \u015funu belirtmek gerekiyor<\/p>\n\n\n\n<p>Yanl\u0131\u015f uygulama yap\u0131lmad\u0131\u011f\u0131 takdirde ipek kirpik uygulamas\u0131 asla \nzarar vermez . Ama e\u011fitimini almadan , sadece duyduklar\u0131n\u0131zla hareket \nederseniz kesinlikle sorun ya\u015fars\u0131n\u0131z.<br>\n\u00c7\u00fcnk\u00fc uygulama basit gibi g\u00f6r\u00fcnse de kesinlikle bir uzman deste\u011fi \nalman\u0131z ve buna g\u00f6re ba\u015flaman\u0131z gerekecektir. E\u011fitimini ald\u0131ktan sonra \nda uygulamay\u0131 do\u011fru yapaca\u011f\u0131n\u0131z i\u00e7in m\u00fc\u015fterilerinizle her hangi bir \nproblem ya\u015famazs\u0131n\u0131z yani bir sorun \u00e7\u0131kmaz.<\/p>\n\n\n\n<p>Piyasada farkl\u0131 farkl\u0131 \u00f6zellikte kirpik malzemeleri mevcut , bizim \nmarkam\u0131z\u0131 kullan\u0131yorsan\u0131z i\u00e7iniz rahat olsun. \u00c7\u00fcnk\u00fc kirpikler ger\u00e7ek ten\n \u0130pek kirpik , yap\u0131\u015ft\u0131r\u0131c\u0131s\u0131 da piyasada bulabilece\u011finiz en kaliteli \nyap\u0131\u015ft\u0131r\u0131c\u0131d\u0131r.<br>\nBu uygulama incelik ve zaman istedi\u011fi i\u00e7in sevebilecek herkes uygulamaya ba\u015flayabilir , ekstra zorlay\u0131c\u0131 bir yan\u0131 yoktur.<br>\n\u0130pek kirpik uygulamalar\u0131 ve \u0130pek kirpik seti i\u00e7in bilgi almak istiyorsan\u0131z ; 444 3 671 \u00c7a\u011fr\u0131 Merkezimizi arayabilirsiniz.<\/p>\n\n\n\n<p>\u0130\u015fte Ayd\u0131n dan \u0130stanbul a hem \u0130pek Kirpik E\u011fitimi hem de \u0130pek Kirpik Seti almaya gelen yeni bayii uzmanlar\u0131m\u0131z\u0131n G\u00f6r\u00fcnt\u00fcleri<\/p>\n\n\n\n<ul class=\"wp-block-list\"><li><strong>Bu arada \u0130pek Kirpik Seti Alanlara \u0130pek Kirpik E\u011fitimi \u00fccretsizdir.<\/strong><\/li><li><strong>\u015eehir d\u0131\u015f\u0131ndan arayanlar i\u00e7in ise E\u011fitim Cd si mevcuttur.<\/strong><\/li><\/ul>\n\n\n\n<p><strong>Letya Estetik ve G\u00fczellik Hizmetleri<\/strong><\/p>\n\n\n\n<p><strong>Mimar Sinan Mah 2341 Sokak Se\u00e7kinler Sitesi<\/strong><\/p>\n\n\n\n<p><strong>Efeler \u2013 AYDIN<\/strong><\/p>\n\n\n\n<p><strong>0530 660 7894<\/strong><\/p>\n","protected":false},"excerpt":{"rendered":"<p>\u0130pek Kirpik E\u011fitimi Ayd\u0131n Ayd\u0131n Ku\u015fadas\u0131 ndan bizi takip eden ve ipek kirpik uygulamas\u0131 yapmak isteyen arkada\u015flar\u0131m\u0131z \u00f6ncelikle telefon ile bizden bilgi ald\u0131lar ve ipek kirpik uygulamas\u0131 yapmak istediklerini bize belirttiler. Yaln\u0131z baz\u0131 sorular\u0131 vard\u0131 \u0130pek kirpik zarar verir mi M\u00fc\u015fterilerimizle problem ya\u015far m\u0131y\u0131z Bir sorun \u00e7\u0131kar<\/p>\n","protected":false},"author":1,"featured_media":0,"parent":0,"menu_order":0,"comment_status":"closed","ping_status":"closed","template":"","meta":{"footnotes":""},"tags":[3,18],"class_list":["post-33","page","type-page","status-publish","hentry","tag-ipek-kirpik","tag-ipek-kirpik-egitimi-aydin"],"aioseo_notices":[],"_links":{"self":[{"href":"http:\/\/ipekkirpik.org\/index.php\/wp-json\/wp\/v2\/pages\/33","targetHints":{"allow":["GET"]}}],"collection":[{"href":"http:\/\/ipekkirpik.org\/index.php\/wp-json\/wp\/v2\/pages"}],"about":[{"href":"http:\/\/ipekkirpik.org\/index.php\/wp-json\/wp\/v2\/types\/page"}],"author":[{"embeddable":true,"href":"http:\/\/ipekkirpik.org\/index.php\/wp-json\/wp\/v2\/users\/1"}],"replies":[{"embeddable":true,"href":"http:\/\/ipekkirpik.org\/index.php\/wp-json\/wp\/v2\/comments?post=33"}],"version-history":[{"count":1,"href":"http:\/\/ipekkirpik.org\/index.php\/wp-json\/wp\/v2\/pages\/33\/revisions"}],"predecessor-version":[{"id":35,"href":"http:\/\/ipekkirpik.org\/index.php\/wp-json\/wp\/v2\/pages\/33\/revisions\/35"}],"wp:attachment":[{"href":"http:\/\/ipekkirpik.org\/index.php\/wp-json\/wp\/v2\/media?parent=33"}],"wp:term":[{"taxonomy":"post_tag","embeddable":true,"href":"http:\/\/ipekkirpik.org\/index.php\/wp-json\/wp\/v2\/tags?post=33"}],"curies":[{"name":"wp","href":"https:\/\/api.w.org\/{rel}","templated":true}]}}