{"id":100,"date":"2019-07-23T12:18:23","date_gmt":"2019-07-23T09:18:23","guid":{"rendered":"http:\/\/ipekkirpik.org\/?page_id=100"},"modified":"2024-11-14T19:28:15","modified_gmt":"2024-11-14T16:28:15","slug":"iletisim","status":"publish","type":"page","link":"http:\/\/ipekkirpik.org\/index.php\/iletisim\/","title":{"rendered":"\u0130leti\u015fim"},"content":{"rendered":"\n<h4 class=\"wp-block-heading\">Profesyonel Makyaj Teknikleri &amp; Profesyonel Maky\u00f6z By Make-Up Pro<\/h4>\n\n\n<h2>Makyaj Kursu PRO &amp; Profesyonel Makyaj E\u011fitimi By Make-Up PRO &amp; FAIRLASH \u0130pek Kirpik<\/h2>\n\n\n\n\n<p><strong>\u2014\u2014\u2014\u2014\u2014\u2014\u2014\u2014\u2014\u2014\u2014\u2014\u2014\u2014\u2014\u2014\u2014\u2014\u2014\u2014\u2014\u2014\u2014\u2014\u2014<\/strong><\/p>\n\n\n\n<p><strong>MAKE-UP PRO ACADEMY &amp; FAIRLASH IPEK K\u0130RP\u0130K <\/strong><\/p>\n\n\n\n<p><strong>ELEFON &amp; WhatsApp: +90 532 301 86 90<\/strong><\/p>\n\n\n\n<p><strong>TELEFON : +90 <\/strong>212 542 45 85<\/p>\n","protected":false},"excerpt":{"rendered":"<p>Profesyonel Makyaj Teknikleri &amp; Profesyonel Maky\u00f6z By Make-Up Pro Makyaj Kursu PRO &amp; Profesyonel Makyaj E\u011fitimi By Make-Up PRO &amp; FAIRLASH \u0130pek Kirpik \u2014\u2014\u2014\u2014\u2014\u2014\u2014\u2014\u2014\u2014\u2014\u2014\u2014\u2014\u2014\u2014\u2014\u2014\u2014\u2014\u2014\u2014\u2014\u2014\u2014 MAKE-UP PRO ACADEMY &amp; FAIRLASH IPEK K\u0130RP\u0130K ELEFON &amp; WhatsApp: +90 532 301 86 90 TELEFON : +90 212 542 45 85<\/p>\n","protected":false},"author":1,"featured_media":0,"parent":0,"menu_order":0,"comment_status":"closed","ping_status":"closed","template":"page-Contact.php","meta":{"footnotes":""},"tags":[],"class_list":["post-100","page","type-page","status-publish","hentry"],"aioseo_notices":[],"_links":{"self":[{"href":"http:\/\/ipekkirpik.org\/index.php\/wp-json\/wp\/v2\/pages\/100","targetHints":{"allow":["GET"]}}],"collection":[{"href":"http:\/\/ipekkirpik.org\/index.php\/wp-json\/wp\/v2\/pages"}],"about":[{"href":"http:\/\/ipekkirpik.org\/index.php\/wp-json\/wp\/v2\/types\/page"}],"author":[{"embeddable":true,"href":"http:\/\/ipekkirpik.org\/index.php\/wp-json\/wp\/v2\/users\/1"}],"replies":[{"embeddable":true,"href":"http:\/\/ipekkirpik.org\/index.php\/wp-json\/wp\/v2\/comments?post=100"}],"version-history":[{"count":6,"href":"http:\/\/ipekkirpik.org\/index.php\/wp-json\/wp\/v2\/pages\/100\/revisions"}],"predecessor-version":[{"id":325,"href":"http:\/\/ipekkirpik.org\/index.php\/wp-json\/wp\/v2\/pages\/100\/revisions\/325"}],"wp:attachment":[{"href":"http:\/\/ipekkirpik.org\/index.php\/wp-json\/wp\/v2\/media?parent=100"}],"wp:term":[{"taxonomy":"post_tag","embeddable":true,"href":"http:\/\/ipekkirpik.org\/index.php\/wp-json\/wp\/v2\/tags?post=100"}],"curies":[{"name":"wp","href":"https:\/\/api.w.org\/{rel}","templated":true}]}}